 b(-5). Suppose -15 = 7*y - 78. What is the units digit of y/(-54) + p/6?
0
Suppose 0 = -4*v + p - 0*p + 1, -v = 2*p + 2. Let a = -11 + 6. Let x = v - a. What is the units digit of x?
5
Suppose 3*v + 4*y + 130 = 4*v, 5*v - 574 = y. Suppose 4*b + 18 = v. What is the units digit of b?
4
Let r = -8 + 17. Suppose -2*d = 4*p - 3*p - 7, -p + d + 4 = 0. Suppose p*l + 24 = 4*t, r*t + 3*l = 4*t + 30. What is the units digit of t?
6
Suppose -3*i + 85 = 5*n - 1, -3*n = -5*i - 72. Let f = n + -9. What is the units digit of f?
0
What is the units digit of (-2)/((14/(-1617))/(4/3))?
8
Suppose 29 + 51 = 5*h. What is the units digit of h?
6
Let f be ((-3)/9)/((-2)/(-18)). What is the units digit of ((-4 - f) + 0)*-2?
2
Let w(m) = 66*m**2 - 2*m + 1. What is the units digit of w(1)?
5
Let i(b) = -3*b**3 + 24 + 28 + 2*b**3 - 13 + b**2. Let t be i(0). Suppose -2*x + 26 = 2*q + 2*x, 3*x = 5*q - t. What is the units digit of q?
9
Suppose -3*y = -4*b + 25, -b + 35 = 4*b - 3*y. Let v be ((-2)/(-3)*-15)/2. Let j = b - v. What is the tens digit of j?
1
Let r(j) = -j**2 + 5*j + 7. Let s be r(6). Let o(b) = 4*b**3 - 1. Let a be o(s). Suppose -a*k - 12 = 0, 4*q - 2*q = -3*k. What is the units digit of q?
6
Suppose -5*c + s = 6*s - 225, s = 4*c - 175. What is the units digit of 1/(-2) - c/(-8)?
5
Let h = 3 - 7. Let q = 0 + h. Let l(w) = w**3 + 5*w**2 + 2*w - 2. What is the units digit of l(q)?
6
Let u(i) = -i**2 + 20*i + 10. What is the units digit of u(18)?
6
Let y = -10 + 13. Suppose -4*r - 2*g + 70 - 4 = 0, -y*r + 77 = -4*g. What is the tens digit of r?
1
Suppose -6*y = y - 252. What is the units digit of y?
6
Let g = -30 + 42. What is the tens digit of g?
1
Let t(b) = -b**3 + 6*b**2 + 1. Let x be t(6). What is the units digit of 4 - (-3 - (x - 3))?
5
Suppose 5*n = 3*a + 27, -6*n + 3*n - 4*a - 7 = 0. Suppose y - n*y = -36. What is the units digit of y?
8
What is the tens digit of (-8 - -466)*2/4?
2
Let w(b) = -b**3 + 14*b**2 - 10*b + 6. Let m(c) = 2*c**2 - 4*c**2 + 3*c**2. Let k(d) = 5*m(d) - w(d). What is the units digit of k(8)?
0
Let d(s) = -s - 2. Let y be d(-6). Suppose -2*k = -k + y. Let u(p) = p**2 + 4*p + 3. What is the units digit of u(k)?
3
Suppose -y + 4*i - 8 = 0, 2*y - 3 = -y + 3*i. Suppose -y*s + s + 30 = 0. What is the units digit of s?
0
Let q(h) = h**2 + h + 27. Let k be q(0). Suppose -2*a - 9 = -k. What is the units digit of a?
9
What is the tens digit of ((-11)/2)/(2/(-12))?
3
Let h(p) = 6*p. Let z(v) = -5*v. Let y(f) = -4*h(f) - 5*z(f). Let g(t) = 4*t - 2. Let i(n) = -g(n) + 5*y(n). What is the units digit of i(4)?
6
Suppose 0*m - 15 = -5*m, -m - 215 = -2*j. What is the hundreds digit of j?
1
Let k be (1 - 0 - -17)*1. Let r = k - -3. What is the tens digit of r?
2
Let d(h) = -2*h - 6. Let c be d(-6). Suppose -44 = 4*v - 4*r, -5*r = -2*r - c. Let y = v - -14. What is the units digit of y?
5
Let x(g) = g**2 - 3. Suppose -2*y + y + 4 = 0. Let w be 1 + y - (-1 + 3). What is the units digit of x(w)?
6
Suppose -720 = -5*l - q, 0 = -5*l - 3*q + 380 + 330. What is the units digit of l?
5
What is the tens digit of ((-6)/(-8))/(-5 - (-981)/196)?
4
Let t(w) = -w**3 - 5*w**2 - 3*w + 3. Let k be t(-3). Let d(b) = b**3 + 7*b**2 + 2*b + 2. What is the units digit of d(k)?
6
Suppose 5*a - 65 = 3*n - 16, n + a + 3 = 0. Let m = n - -26. Suppose -4*p - 20 = -5*o, 5*o - 17 - m = p. What is the units digit of o?
8
Suppose -s = 1 - 0, 0 = 4*q + 2*s - 78. Suppose -5*f + 30 = -q. What is the units digit of -6 + f + (-3 - -1)?
2
What is the tens digit of (-6)/(-9) + 9192/36?
5
Suppose 2*f - 184 = -q, 276 = -0*f + 3*f - 3*q. Suppose 0 = 3*h - 3*n - n - 64, 0 = -5*h + 3*n + f. What is the tens digit of h?
1
Let b(d) = -5*d + 3. Let y(u) = -6*u + 4. Let m(w) = 5*b(w) - 4*y(w). Let t be m(-1). What is the units digit of (0 - t)/1 + 3?
3
Suppose 0 = 5*k + 63 - 668. What is the hundreds digit of k?
1
Suppose 0 = c + j - 155, 0*j - 4*j = 2*c - 300. Suppose -15*t + 10*t = -c. What is the tens digit of t?
3
Let b(z) = -4*z**3 + 2*z + 2. What is the units digit of b(-1)?
4
Suppose 5*k - 890 = -0*k. What is the units digit of k?
8
Suppose 2*h = -0*h. Suppose l = 4*m - 8, -5*m = -5*l - h + 35. What is the units digit of l?
2
Let f = 2 + -3. Let q(a) = -8*a + 4. Let t(m) = -8*m + 5. Let j(w) = 4*q(w) - 3*t(w). What is the units digit of j(f)?
9
Let y(i) = -9*i - 1. Let t be y(-1). Suppose 19*m - 6 = 22*m. What is the units digit of t + m/(0 - -2)?
7
What is the units digit of 6/2 + 32 + 0?
5
Suppose 3*d + 5*z - 35 = 0, -3 + 5 = 2*z. Let p = d + -8. Suppose -p*o + o = 5*t - 85, 0 = -2*t + 5*o + 7. What is the tens digit of t?
1
Let q(v) = -v**3 - 7*v**2 - 7*v - 7. Let c be q(-6). Let i be (23/1)/((-1)/c). Suppose 3*l - i = 1. What is the units digit of l?
8
Let p(w) = -w + 8. Let o be p(-11). Suppose a + 4*l - o = 24, -3*l = -5*a + 146. What is the tens digit of a?
3
Let a(n) = 7*n**3 + 2*n**2 + 2*n + 1. Let y be a(-1). Let i be 8 - (1 + 1 - 1). Let h = y + i. What is the units digit of h?
1
Let f(o) = o + 8. Let j be f(-5). Suppose -j*q = -136 - 11. What is the tens digit of q?
4
Let u be 10/(-20) + 51/2. What is the tens digit of 3/5 - (-535)/u?
2
Suppose 35 = 3*a - 2*a. Let z = a - 20. What is the units digit of z?
5
Suppose -s - 4*p + 131 = 0, -s + 262 = s + 4*p. What is the tens digit of s?
3
Suppose 8*j - 3*j = 10. Suppose 6 = j*n, 5 = 2*a - n - 0. What is the units digit of a?
4
Let u be (-3 - -1)*(-17 + -2). Let f be u - ((0 - 0) + -1). Suppose d + 2*d = f. What is the tens digit of d?
1
Let f be (-2)/((-24)/11 + 2). Suppose 3*s + f = 5. Let z(k) = k**2 + k + 2. What is the units digit of z(s)?
4
Suppose -v - v = -16. Let f(d) = d + 7. Let m(y) = -2*y - 7. Let c(o) = -3*f(o) - 2*m(o). What is the units digit of c(v)?
1
Let r(u) = u**3 + 8*u**2 - 3*u - 12. Suppose y + 2*y + 2*s = -18, 2*s = -y - 2. What is the tens digit of r(y)?
1
Let b(v) = -v**3 + 3*v**2 + 3*v + 1. Let p be b(3). Let g = p - 16. Let n = -4 - g. What is the units digit of n?
2
Let l = -6 + 8. Suppose 0 = -3*g + 2*g + 5*m - l, 4*g - 7 = 5*m. What is the units digit of g?
3
Suppose 0 = -0*p - p + 35. Suppose 3*i - 6*i - b = -p, -b - 49 = -4*i. What is the tens digit of i?
1
Suppose 2*p + 3*a = 7*a - 2, -5 = -3*p + 2*a. Suppose 0 = -3*u + 15, 4*u = -p*w - 0*u + 107. What is the tens digit of w?
2
What is the tens digit of 4/18 + 352/36?
1
Let b(y) = -y**2 - 7*y - 5. Let d(a) = -2*a - 2. Let x be d(-4). Let g = 1 - x. What is the units digit of b(g)?
5
Let a(r) = -r**3 - 5*r**2 - 4*r. Suppose h = -2 - 3. What is the units digit of a(h)?
0
Let t(j) = j**3 + 5*j**2 + 4*j + 1. Let g be t(-3). What is the units digit of (-2)/7 + 65/g?
9
Let z be (-4)/(12/33)*4. What is the units digit of 0/(-3 + -1) - z?
4
Suppose -6*p + p + 5 = 0. Suppose -p = z + 1. What is the units digit of (2 + z/4)*2?
3
Let s(x) be the third derivative of 0 + 2/3*x**3 + 2*x**2 - 1/24*x**4 + 0*x. What is the tens digit of s(-6)?
1
Let r(s) = s**3 - 6*s**2 - 12*s - 4. Let f be r(6). Let v = f + 109. What is the units digit of v?
3
Suppose 0*z + 45 = 5*z. Let x(w) = w - 1. Let y(v) = v**2 - 7*v + 10. Let d(b) = -3*x(b) + y(b). What is the units digit of d(z)?
4
Suppose 3*w - 11 = 2*z + 2, -2*w - 5*z + 15 = 0. Let l = -3 + w. Suppose v = -3*c + 4*v, 3 = c + l*v. What is the units digit of c?
1
Let z(y) = -y**3 - y**2 + 2*y + 2. Let c be z(-2). Let v = 7 - c. What is the units digit of v?
5
Let n = 3 - 0. Suppose -n*d + 4 = -d. Let j(s) = -s**3 + 2*s**2 + 2*s - 3. What is the units digit of j(d)?
1
Suppose 0 = -3*y + 6*y - 909. What is the units digit of y?
3
Let u be 2 - -1 - (1 + 2). Let v(i) = i + 6. What is the units digit of v(u)?
6
Let j be 1/(-2)*(-34 + 0). Let v = 29 - j. What is the tens digit of v?
1
Let x(a) be the second derivative of -a**8/6720 - a**7/1260 - a**4/3 + 4*a. Let s(l) be the third derivative of x(l). What is the units digit of s(-3)?
9
Let o = -3 - -147. What is the tens digit of o?
4
Suppose 4 = -4*s + 272. What is the tens digit of s?
6
Suppose -2*b + 4*d + 52 = 0, -2*b - 105 = -7*b + 5*d. What is the tens digit of ((-56)/6)/(b/(-24))?
1
Suppose 3*o - 65 = 4*b - 3*b, 5*b + 26 = 2*o. What is the tens digit of o?
2
Let v(d) = -d**3 - 15*d**2 + 15*d - 3. What is the tens digit of v(-16)?
1
Let q be 8/(-40) - 106/(-5). Let i